
Is 188857499 prime?
False
Is 11562633314 a composite number?
True
Is 1356157331 prime?
True
Is 18488371019 prime?
True
Is 22907161 prime?
True
Is 27603597419 prime?
False
Is 21250897597 composite?
False
Is 22998997447 a prime number?
True
Is 1838230987 a composite number?
False
Is 122741483 composite?
False
Is 1907895489 a prime number?
False
Is 57660043569 composite?
True
Is 10321836593 a prime number?
False
Is 201049841 a composite number?
False
Is 215036543 a prime number?
True
Is 204752831 a prime number?
False
Is 5082274279 a prime number?
True
Is 2901203033 composite?
False
Is 314652623 prime?
False
Is 170356363 a prime number?
False
Is 520915907 prime?
True
Is 78468253 prime?
True
Is 2750241617 prime?
True
Is 574197419 prime?
False
Is 876360439 a composite number?
False
Is 826553569 composite?
False
Is 11161938467 a prime number?
True
Is 4899749711 prime?
True
Is 21172785017 prime?
False
Is 16481859049 a prime number?
False
Is 460893535 a composite number?
True
Is 520844099 a composite number?
False
Is 439653967 a composite number?
False
Is 66325085479 a composite number?
True
Is 713476858 prime?
False
Is 912219911 a composite number?
True
Is 23375716103 a prime number?
False
Is 86062369 prime?
True
Is 25453019707 a prime number?
True
Is 51779961397 prime?
True
Is 56770371695 a prime number?
False
Is 48820592569 a composite number?
True
Is 2793548713 composite?
True
Is 108929237 prime?
True
Is 18998859805 composite?
True
Is 10956389855 prime?
False
Is 502602251 a prime number?
False
Is 1253582851 a composite number?
True
Is 671721553 a prime number?
False
Is 1313805497 a composite number?
True
Is 2448511519 a composite number?
True
Is 2466576551 a composite number?
False
Is 546136609 a composite number?
True
Is 38039130559 a composite number?
False
Is 5222302483 a composite number?
False
Is 251937797 prime?
True
Is 1016197373 a prime number?
True
Is 31540541369 a composite number?
False
Is 25831970326 prime?
False
Is 296991740677 a prime number?
True
Is 3668017813 a composite number?
False
Is 368678738293 composite?
False
Is 4024884937 composite?
False
Is 28877852813 a composite number?
False
Is 29871381809 a composite number?
True
Is 2925579869 composite?
True
Is 239218697 a composite number?
False
Is 2467094869 a prime number?
True
Is 538316731 prime?
True
Is 75559363067 composite?
True
Is 5779062682 a prime number?
False
Is 22303959857 composite?
True
Is 1583766263 prime?
True
Is 67811634607 composite?
False
Is 3359584559 a composite number?
False
Is 821628386 composite?
True
Is 14038811663 a prime number?
True
Is 563574729 composite?
True
Is 3820113863 a composite number?
False
Is 33029070733 composite?
False
Is 79950113 a composite number?
True
Is 350272151 a prime number?
False
Is 531369271 a composite number?
True
Is 26600128369 composite?
False
Is 10478929 a prime number?
True
Is 205478699 a prime number?
False
Is 16650293311 composite?
True
Is 113763262 prime?
False
Is 246306569 a composite number?
False
Is 12979877 composite?
False
Is 7374511835 prime?
False
Is 5506449191 composite?
False
Is 21793411177 a prime number?
False
Is 2650955071 a prime number?
False
Is 22607414183 composite?
True
Is 1795625329 a prime number?
True
Is 770819092883 a prime number?
False
Is 4533639121 a prime number?
False
Is 1693716595 a composite number?
True
Is 12748321169 prime?
False
Is 14831515079 a composite number?
False
Is 103042550419 prime?
False
Is 2476986877 composite?
True
Is 39547009 composite?
False
Is 1518110347 composite?
True
Is 780383341 a prime number?
False
Is 3180930611 prime?
False
Is 58801532641 a composite number?
False
Is 15678193213 a composite number?
True
Is 2717399591 composite?
False
Is 1478413567 a composite number?
False
Is 1766746797 a composite number?
True
Is 41648385463 prime?
True
Is 29790973 prime?
False
Is 12132739849 a composite number?
False
Is 99978059567 a composite number?
False
Is 285187079 composite?
False
Is 2105336393 prime?
False
Is 40123694069 a composite number?
False
Is 236294602535 a composite number?
True
Is 78996210409 a prime number?
True
Is 4604788057 prime?
True
Is 214743283 a prime number?
True
Is 8218787899 prime?
False
Is 732992789 composite?
False
Is 1267222562 a prime number?
False
Is 14729574323 a prime number?
False
Is 28986852754 composite?
True
Is 1223566077 composite?
True
Is 63931419427 a composite number?
True
Is 328712669 prime?
True
Is 2144373211 a prime number?
True
Is 18808996243 a prime number?
False
Is 28585812323 a prime number?
False
Is 3988571035 a composite number?
True
Is 5202502417 a composite number?
True
Is 2464416389 prime?
True
Is 13189267907 a composite number?
False
Is 5710809187 a prime number?
False
Is 33095249903 prime?
False
Is 333277387 a prime number?
True
Is 3157773673 composite?
False
Is 7102773739 a composite number?
True
Is 9632494711 a prime number?
False
Is 724731191 composite?
False
Is 20849681795 composite?
True
Is 698907295 a composite number?
True
Is 1301752891 composite?
False
Is 2062270031 prime?
True
Is 1157672387 composite?
False
Is 9449373589 prime?
True
Is 304099093 composite?
True
Is 208756513001 composite?
False
Is 107351581 a composite number?
False
Is 20066504329 a composite number?
False
Is 6324330211 composite?
False
Is 251186644277 a prime number?
True
Is 6770183267 a composite number?
True
Is 146711524163 a prime number?
True
Is 46011526615 a composite number?
True
Is 37252057 a composite number?
True
Is 11216147899 composite?
True
Is 1547906251 composite?
True
Is 2516774437 a composite number?
True
Is 3669966359 prime?
True
Is 7865219077 composite?
True
Is 35731598009 prime?
False
Is 646774871 composite?
False
Is 7426560151 a composite number?
True
Is 5402060578 prime?
False
Is 1689877963 a composite number?
False
Is 418112131 composite?
False
Is 25113657137 a composite number?
False
Is 1558408897 composite?
False
Is 8266042643 composite?
False
Is 62460765793 prime?
True
Is 1278870733 a composite number?
True
Is 42003167477 prime?
True
Is 645254 composite?
True
Is 25896837431 a composite number?
True
Is 118763753 composite?
False
Is 5343755849 a prime number?
True
Is 623788258 a composite number?
True
Is 9438323402 a prime number?
False
Is 9731511359 composite?
True
Is 522795269 composite?
False
Is 1070662507 prime?
True
Is 6374278201 composite?
False
Is 452625487 a prime number?
False
Is 182293387061 a prime number?
True
Is 88671374633 a prime number?
True
Is 152546837 a composite number?
True
Is 739866871 prime?
True
Is 1188956623 composite?
True
Is 1817296319 a prime number?
False
Is 2649655651 prime?
True
Is 2031788555 composite?
True
Is 28360070787 a prime number?
False
Is 1193961557 a composite number?
True
Is 4451917139 a prime number?
False
Is 162670693 a prime number?
True
Is 9119321791 prime?
True
Is 45360407 a prime number?
False
Is 11312849507 a prime number?
False
Is 34034933321 a composite number?
False
Is 30726531317 a prime number?
False
Is 1099263509 prime?
True
Is 1799972723 a prime number?
True
Is 4610984719 a prime number?
False
Is 155952895409 a prime number?
False
Is 806539147 composite?
False
Is 11307373622 a prime number?
False
Is 1180300949 a prime number?
True
Is 395330129 prime?
True
Is 355518598363 composite?
True
Is 227248773751 a composite number?
False
Is 1599619733 prime?
True
Is 2125501423 a composite number?
False
Is 17170806899 a composite number?
True
Is 8579934303 composite?
True
Is 28106052167 composite?
False
Is 895679219 a composite number?
False
Is 27359480771 prime?
False
Is 11840105567 a composite number?
True
Is 268580615 a composite number?
True
Is 336497479 prime?
False
Is 16568058163 composite?
True
Is 22591024733 prime?
True
Is 16867090937 prime?
True
Is 989534921 composite?
False
Is 346856051 prime?
False
Is 29839163 composite?
False
Is 66091768499 a composite number?
True
Is 5021791357 a composite number?
True
Is 3058818353 a prime number?
True
Is 24490576109 composite?
False
Is 22776202697 a composite number?
False
Is 269956207 prime?
True
Is 178912387 a prime number?
False
Is 2321580007 a prime number?
False
Is 8612881061 prime?
True
Is 762530827 a prime number?
True
Is 13484787881 a composite number?
True
Is 10402842883 prime?
True
Is 166596401 a composite number?
True
Is 156